
{"id":30436,"date":"2022-06-30T15:03:30","date_gmt":"2022-06-30T13:03:30","guid":{"rendered":"https:\/\/test.sp-ps.ch\/personnes\/collaborateur-trice-s\/"},"modified":"2026-04-04T12:01:48","modified_gmt":"2026-04-04T10:01:48","slug":"groupes-de-travail","status":"publish","type":"page","link":"https:\/\/sp-ps-biel-bienne.ch\/fr\/parti\/groupes-de-travail\/","title":{"rendered":"Groupes de travail"},"content":{"rendered":"\t\t<div data-elementor-type=\"wp-page\" data-elementor-id=\"30436\" class=\"elementor elementor-30436 elementor-389\" data-elementor-post-type=\"page\">\n\t\t\t\t\t\t<section class=\"elementor-section elementor-top-section elementor-element elementor-element-dbd97c0 elementor-section-boxed elementor-section-height-default elementor-section-height-default\" data-id=\"dbd97c0\" data-element_type=\"section\" data-settings=\"{&quot;jet_parallax_layout_list&quot;:[],&quot;background_background&quot;:&quot;classic&quot;}\">\n\t\t\t\t\t\t<div class=\"elementor-container elementor-column-gap-wide\">\n\t\t\t\t\t<div class=\"elementor-column elementor-col-100 elementor-top-column elementor-element elementor-element-f43c7da\" data-id=\"f43c7da\" data-element_type=\"column\">\n\t\t\t<div class=\"elementor-widget-wrap elementor-element-populated\">\n\t\t\t\t\t\t<div class=\"elementor-element elementor-element-991e3d9 elementor-widget__width-initial elementor-widget elementor-widget-text-editor\" data-id=\"991e3d9\" data-element_type=\"widget\" data-widget_type=\"text-editor.default\">\n\t\t\t\t<div class=\"elementor-widget-container\">\n\t\t\t\t\t\t\t\t\t<p>Les groupes de travail du PS Bienne traitent de diff\u00e9rents th\u00e8mes. Ils \u00e9laborent des rapports et des prises de position \u00e0 l&#8217;attention du parti et contribuent ainsi activement \u00e0 la formation de l&#8217;opinion.<\/p>\n\t\t\t\t\t\t\t\t<\/div>\n\t\t\t\t<\/div>\n\t\t\t\t\t<\/div>\n\t\t<\/div>\n\t\t\t\t\t<\/div>\n\t\t<\/section>\n\t\t\t\t<section class=\"elementor-section elementor-top-section elementor-element elementor-element-55bbe42 elementor-section-boxed elementor-section-height-default elementor-section-height-default\" data-id=\"55bbe42\" data-element_type=\"section\" data-settings=\"{&quot;jet_parallax_layout_list&quot;:[]}\">\n\t\t\t\t\t\t<div class=\"elementor-container elementor-column-gap-default\">\n\t\t\t\t\t<div class=\"elementor-column elementor-col-100 elementor-top-column elementor-element elementor-element-71eab85\" data-id=\"71eab85\" data-element_type=\"column\">\n\t\t\t<div class=\"elementor-widget-wrap elementor-element-populated\">\n\t\t\t\t\t\t<div class=\"elementor-element elementor-element-0f688df elementor-widget elementor-widget-spps_button_list\" data-id=\"0f688df\" data-element_type=\"widget\" data-widget_type=\"spps_button_list.default\">\n\t\t\t\t<div class=\"elementor-widget-container\">\n\t\t\t\t\t<div class=\"button-list-wrapper   \"><div class=\"button-list-title\"><h2>AG SP Migrant-e-s<\/h2><\/div><div class=\"button-list-container\"><div class=\"button-list-text\"><p>Le groupe de travail Migran\u00b7te\u00b7s s'est fix\u00e9 pour objectif de mieux mettre en avant les personnes issues de l'immigration au sein du PS. Toutes les personnes souhaitant s'engager sur ce th\u00e8me sont les bienvenues.<\/p>\n<\/div><\/div><\/div>\t\t\t\t<\/div>\n\t\t\t\t<\/div>\n\t\t\t\t\t<\/div>\n\t\t<\/div>\n\t\t\t\t\t<\/div>\n\t\t<\/section>\n\t\t\t\t<section class=\"elementor-section elementor-top-section elementor-element elementor-element-e609141 elementor-section-boxed elementor-section-height-default elementor-section-height-default\" data-id=\"e609141\" data-element_type=\"section\" data-settings=\"{&quot;jet_parallax_layout_list&quot;:[]}\">\n\t\t\t\t\t\t<div class=\"elementor-container elementor-column-gap-default\">\n\t\t\t\t\t<div class=\"elementor-column elementor-col-100 elementor-top-column elementor-element elementor-element-f15a9aa\" data-id=\"f15a9aa\" data-element_type=\"column\">\n\t\t\t<div class=\"elementor-widget-wrap elementor-element-populated\">\n\t\t\t\t\t\t<div class=\"elementor-element elementor-element-fff60af elementor-widget elementor-widget-spps_button_list\" data-id=\"fff60af\" data-element_type=\"widget\" data-widget_type=\"spps_button_list.default\">\n\t\t\t\t<div class=\"elementor-widget-container\">\n\t\t\t\t\t<div class=\"button-list-wrapper   \"><div class=\"button-list-title\"><h2>Groupe de travail charg\u00e9 du d\u00e9veloppement des initiatives sur les loyers<\/h2><\/div><div class=\"button-list-container\"><div class=\"button-list-text\"><p>Ce groupe de travail s'est occup\u00e9, en collaboration avec nos partenaires, de d\u00e9velopper les deux initiatives sur les loyers. Celles-ci ont \u00e9t\u00e9 lanc\u00e9es au printemps 2026 et sont actuellement en phase de collecte de signatures.<\/p>\n<\/div><\/div><\/div>\t\t\t\t<\/div>\n\t\t\t\t<\/div>\n\t\t\t\t<div class=\"elementor-element elementor-element-5f01432 elementor-widget elementor-widget-spps_button\" data-id=\"5f01432\" data-element_type=\"widget\" data-widget_type=\"spps_button.default\">\n\t\t\t\t<div class=\"elementor-widget-container\">\n\t\t\t\t\t<div class=\"button-wrapper button-wrapper-left\"><a href=\"https:\/\/sp-ps-biel-bienne.ch\/fr\/campagne\/lancement-dune-double-initiative-pour-des-loyers-abordables-lutter-contre-lexplosion-des-loyers-grace-a-des-logements-sociaux-et-municipaux\/\"  target=\"_self\" class=\"button-link button-link-default\" >Plus d'informations sur les initiatives sur les loyers<\/a><\/div>\t\t\t\t<\/div>\n\t\t\t\t<\/div>\n\t\t\t\t<div class=\"elementor-element elementor-element-ce9c84d elementor-widget-divider--view-line elementor-widget elementor-widget-divider\" data-id=\"ce9c84d\" data-element_type=\"widget\" data-widget_type=\"divider.default\">\n\t\t\t\t<div class=\"elementor-widget-container\">\n\t\t\t\t\t\t\t<div class=\"elementor-divider\">\n\t\t\t<span class=\"elementor-divider-separator\">\n\t\t\t\t\t\t<\/span>\n\t\t<\/div>\n\t\t\t\t\t\t<\/div>\n\t\t\t\t<\/div>\n\t\t\t\t\t<\/div>\n\t\t<\/div>\n\t\t\t\t\t<\/div>\n\t\t<\/section>\n\t\t\t\t<section class=\"elementor-section elementor-top-section elementor-element elementor-element-1940975 elementor-section-boxed elementor-section-height-default elementor-section-height-default\" data-id=\"1940975\" data-element_type=\"section\" data-settings=\"{&quot;jet_parallax_layout_list&quot;:[]}\">\n\t\t\t\t\t\t<div class=\"elementor-container elementor-column-gap-default\">\n\t\t\t\t\t<div class=\"elementor-column elementor-col-100 elementor-top-column elementor-element elementor-element-339ffe1\" data-id=\"339ffe1\" data-element_type=\"column\">\n\t\t\t<div class=\"elementor-widget-wrap elementor-element-populated\">\n\t\t\t\t\t\t<div class=\"elementor-element elementor-element-2cbbe25 elementor-widget elementor-widget-spps_button_list\" data-id=\"2cbbe25\" data-element_type=\"widget\" data-widget_type=\"spps_button_list.default\">\n\t\t\t\t<div class=\"elementor-widget-container\">\n\t\t\t\t\t<div class=\"button-list-wrapper   \"><div class=\"button-list-title\"><h2>Contacter les groupes de travail<\/h2><\/div><div class=\"button-list-container\"><\/div><\/div>\t\t\t\t<\/div>\n\t\t\t\t<\/div>\n\t\t\t\t<div class=\"elementor-element elementor-element-9befe56 elementor-widget elementor-widget-wpforms\" data-id=\"9befe56\" data-element_type=\"widget\" data-widget_type=\"wpforms.default\">\n\t\t\t\t<div class=\"elementor-widget-container\">\n\t\t\t\t\t<div class=\"wpforms-container wpforms-container-full\" id=\"wpforms-91205\"><form id=\"wpforms-form-91205\" class=\"wpforms-validate wpforms-form wpforms-ajax-form\" data-formid=\"91205\" method=\"post\" enctype=\"multipart\/form-data\" action=\"\/fr\/wp-json\/wp\/v2\/pages\/30436\" data-token=\"e90f6c1863c66af8b311ce3604db595e\" data-token-time=\"1777453640\"><noscript class=\"wpforms-error-noscript\">Veuillez activer JavaScript dans votre navigateur pour remplir ce formulaire.<\/noscript><div class=\"wpforms-field-container\"><div id=\"wpforms-91205-field_1-container\" class=\"wpforms-field wpforms-field-name\" data-field-id=\"1\"><label class=\"wpforms-field-label\">Name <span class=\"wpforms-required-label\">*<\/span><\/label><div class=\"wpforms-field-row wpforms-field-medium\"><div class=\"wpforms-field-row-block wpforms-first wpforms-one-half\"><input type=\"text\" id=\"wpforms-91205-field_1\" class=\"wpforms-field-name-first wpforms-field-required\" name=\"wpforms[fields][1][first]\" required><label for=\"wpforms-91205-field_1\" class=\"wpforms-field-sublabel after\">Pr\u00e9nom<\/label><\/div><div class=\"wpforms-field-row-block wpforms-one-half\"><input type=\"text\" id=\"wpforms-91205-field_1-last\" class=\"wpforms-field-name-last wpforms-field-required\" name=\"wpforms[fields][1][last]\" required><label for=\"wpforms-91205-field_1-last\" class=\"wpforms-field-sublabel after\">Nom<\/label><\/div><\/div><\/div><div id=\"wpforms-91205-field_2-container\" class=\"wpforms-field wpforms-field-email\" data-field-id=\"2\"><label class=\"wpforms-field-label\" for=\"wpforms-91205-field_2\">E-Mail-Adresse <span class=\"wpforms-required-label\">*<\/span><\/label><input type=\"email\" id=\"wpforms-91205-field_2\" class=\"wpforms-field-medium wpforms-field-required\" name=\"wpforms[fields][2]\" spellcheck=\"false\" required><\/div>\t\t<div id=\"wpforms-91205-field_4-container\"\n\t\t\tclass=\"wpforms-field wpforms-field-text\"\n\t\t\tdata-field-type=\"text\"\n\t\t\tdata-field-id=\"4\"\n\t\t\t>\n\t\t\t<label class=\"wpforms-field-label\" for=\"wpforms-91205-field_4\" >E-Mail-Adresse Nachricht Name<\/label>\n\t\t\t<input type=\"text\" id=\"wpforms-91205-field_4\" class=\"wpforms-field-medium\" name=\"wpforms[fields][4]\" >\n\t\t<\/div>\n\t\t<div id=\"wpforms-91205-field_3-container\" class=\"wpforms-field wpforms-field-textarea\" data-field-id=\"3\"><label class=\"wpforms-field-label\" for=\"wpforms-91205-field_3\">Kommentar oder Nachricht<\/label><textarea id=\"wpforms-91205-field_3\" class=\"wpforms-field-medium\" name=\"wpforms[fields][3]\" ><\/textarea><\/div><script>\n\t\t\t\t( function() {\n\t\t\t\t\tconst style = document.createElement( 'style' );\n\t\t\t\t\tstyle.appendChild( document.createTextNode( '#wpforms-91205-field_4-container { position: absolute !important; overflow: hidden !important; display: inline !important; height: 1px !important; width: 1px !important; z-index: -1000 !important; padding: 0 !important; } #wpforms-91205-field_4-container input { visibility: hidden; } #wpforms-conversational-form-page #wpforms-91205-field_4-container label { counter-increment: none; }' ) );\n\t\t\t\t\tdocument.head.appendChild( style );\n\t\t\t\t\tdocument.currentScript?.remove();\n\t\t\t\t} )();\n\t\t\t<\/script><\/div><!-- .wpforms-field-container --><div class=\"wpforms-submit-container\" ><input type=\"hidden\" name=\"wpforms[id]\" value=\"91205\"><input type=\"hidden\" name=\"page_title\" value=\"\"><input type=\"hidden\" name=\"page_url\" value=\"https:\/\/sp-ps-biel-bienne.ch\/fr\/wp-json\/wp\/v2\/pages\/30436\"><input type=\"hidden\" name=\"url_referer\" value=\"\"><button type=\"submit\" name=\"wpforms[submit]\" id=\"wpforms-submit-91205\" class=\"wpforms-submit\" data-alt-text=\"Absenden\/envoyer ... \" data-submit-text=\"Absenden\/envoyer \" aria-live=\"assertive\" value=\"wpforms-submit\">Absenden\/envoyer <\/button><img decoding=\"async\" src=\"https:\/\/sp-ps-biel-bienne.ch\/wp-content\/plugins\/wpforms\/assets\/images\/submit-spin.svg\" class=\"wpforms-submit-spinner\" style=\"display: none;\" width=\"26\" height=\"26\" alt=\"Chargement en cours\"><\/div><\/form><\/div>  <!-- .wpforms-container -->\t\t\t\t<\/div>\n\t\t\t\t<\/div>\n\t\t\t\t\t<\/div>\n\t\t<\/div>\n\t\t\t\t\t<\/div>\n\t\t<\/section>\n\t\t\t\t<\/div>\n\t\t","protected":false},"excerpt":{"rendered":"<p>Les groupes de travail du PS Bienne traitent de diff\u00e9rents th\u00e8mes. Ils \u00e9laborent des rapports et des prises de position \u00e0 l&#8217;attention du parti et contribuent ainsi activement \u00e0 la [&hellip;]<\/p>\n","protected":false},"author":1,"featured_media":0,"parent":30425,"menu_order":3,"comment_status":"closed","ping_status":"closed","template":"","meta":{"footnotes":""},"class_list":["post-30436","page","type-page","status-publish","hentry"],"_links":{"self":[{"href":"https:\/\/sp-ps-biel-bienne.ch\/fr\/wp-json\/wp\/v2\/pages\/30436","targetHints":{"allow":["GET"]}}],"collection":[{"href":"https:\/\/sp-ps-biel-bienne.ch\/fr\/wp-json\/wp\/v2\/pages"}],"about":[{"href":"https:\/\/sp-ps-biel-bienne.ch\/fr\/wp-json\/wp\/v2\/types\/page"}],"author":[{"embeddable":true,"href":"https:\/\/sp-ps-biel-bienne.ch\/fr\/wp-json\/wp\/v2\/users\/1"}],"replies":[{"embeddable":true,"href":"https:\/\/sp-ps-biel-bienne.ch\/fr\/wp-json\/wp\/v2\/comments?post=30436"}],"version-history":[{"count":16,"href":"https:\/\/sp-ps-biel-bienne.ch\/fr\/wp-json\/wp\/v2\/pages\/30436\/revisions"}],"predecessor-version":[{"id":91215,"href":"https:\/\/sp-ps-biel-bienne.ch\/fr\/wp-json\/wp\/v2\/pages\/30436\/revisions\/91215"}],"up":[{"embeddable":true,"href":"https:\/\/sp-ps-biel-bienne.ch\/fr\/wp-json\/wp\/v2\/pages\/30425"}],"wp:attachment":[{"href":"https:\/\/sp-ps-biel-bienne.ch\/fr\/wp-json\/wp\/v2\/media?parent=30436"}],"curies":[{"name":"wp","href":"https:\/\/api.w.org\/{rel}","templated":true}]}}

<div data-elementor-type="wp-page" data-elementor-id="30436" class="elementor elementor-30436 elementor-389" data-elementor-post-type="page">
						<section class="elementor-section elementor-top-section elementor-element elementor-element-dbd97c0 elementor-section-boxed elementor-section-height-default elementor-section-height-default" data-id="dbd97c0" data-element_type="section" data-settings="{&quot;jet_parallax_layout_list&quot;:[],&quot;background_background&quot;:&quot;classic&quot;}">
						<div class="elementor-container elementor-column-gap-wide">
					<div class="elementor-column elementor-col-100 elementor-top-column elementor-element elementor-element-f43c7da" data-id="f43c7da" data-element_type="column">
			<div class="elementor-widget-wrap elementor-element-populated">
						<div class="elementor-element elementor-element-991e3d9 elementor-widget__width-initial elementor-widget elementor-widget-text-editor" data-id="991e3d9" data-element_type="widget" data-widget_type="text-editor.default">
				<div class="elementor-widget-container">
									<p>Les groupes de travail du PS Bienne traitent de différents thèmes. Ils élaborent des rapports et des prises de position à l&#8217;attention du parti et contribuent ainsi activement à la formation de l&#8217;opinion.</p>
								</div>
				</div>
					</div>
		</div>
					</div>
		</section>
				<section class="elementor-section elementor-top-section elementor-element elementor-element-55bbe42 elementor-section-boxed elementor-section-height-default elementor-section-height-default" data-id="55bbe42" data-element_type="section" data-settings="{&quot;jet_parallax_layout_list&quot;:[]}">
						<div class="elementor-container elementor-column-gap-default">
					<div class="elementor-column elementor-col-100 elementor-top-column elementor-element elementor-element-71eab85" data-id="71eab85" data-element_type="column">
			<div class="elementor-widget-wrap elementor-element-populated">
						<div class="elementor-element elementor-element-0f688df elementor-widget elementor-widget-spps_button_list" data-id="0f688df" data-element_type="widget" data-widget_type="spps_button_list.default">
				<div class="elementor-widget-container">
					<div class="button-list-wrapper   "><div class="button-list-title"><h2>AG SP Migrant-e-s</h2></div><div class="button-list-container"><div class="button-list-text"><p>Le groupe de travail Migran·te·s s'est fixé pour objectif de mieux mettre en avant les personnes issues de l'immigration au sein du PS. Toutes les personnes souhaitant s'engager sur ce thème sont les bienvenues.</p>
</div></div></div>				</div>
				</div>
					</div>
		</div>
					</div>
		</section>
				<section class="elementor-section elementor-top-section elementor-element elementor-element-e609141 elementor-section-boxed elementor-section-height-default elementor-section-height-default" data-id="e609141" data-element_type="section" data-settings="{&quot;jet_parallax_layout_list&quot;:[]}">
						<div class="elementor-container elementor-column-gap-default">
					<div class="elementor-column elementor-col-100 elementor-top-column elementor-element elementor-element-f15a9aa" data-id="f15a9aa" data-element_type="column">
			<div class="elementor-widget-wrap elementor-element-populated">
						<div class="elementor-element elementor-element-fff60af elementor-widget elementor-widget-spps_button_list" data-id="fff60af" data-element_type="widget" data-widget_type="spps_button_list.default">
				<div class="elementor-widget-container">
					<div class="button-list-wrapper   "><div class="button-list-title"><h2>Groupe de travail chargé du développement des initiatives sur les loyers</h2></div><div class="button-list-container"><div class="button-list-text"><p>Ce groupe de travail s'est occupé, en collaboration avec nos partenaires, de développer les deux initiatives sur les loyers. Celles-ci ont été lancées au printemps 2026 et sont actuellement en phase de collecte de signatures.</p>
</div></div></div>				</div>
				</div>
				<div class="elementor-element elementor-element-5f01432 elementor-widget elementor-widget-spps_button" data-id="5f01432" data-element_type="widget" data-widget_type="spps_button.default">
				<div class="elementor-widget-container">
					<div class="button-wrapper button-wrapper-left"><a href="https://sp-ps-biel-bienne.ch/fr/campagne/lancement-dune-double-initiative-pour-des-loyers-abordables-lutter-contre-lexplosion-des-loyers-grace-a-des-logements-sociaux-et-municipaux/"  target="_self" class="button-link button-link-default" >Plus d'informations sur les initiatives sur les loyers</a></div>				</div>
				</div>
				<div class="elementor-element elementor-element-ce9c84d elementor-widget-divider--view-line elementor-widget elementor-widget-divider" data-id="ce9c84d" data-element_type="widget" data-widget_type="divider.default">
				<div class="elementor-widget-container">
							<div class="elementor-divider">
			<span class="elementor-divider-separator">
						</span>
		</div>
						</div>
				</div>
					</div>
		</div>
					</div>
		</section>
				<section class="elementor-section elementor-top-section elementor-element elementor-element-1940975 elementor-section-boxed elementor-section-height-default elementor-section-height-default" data-id="1940975" data-element_type="section" data-settings="{&quot;jet_parallax_layout_list&quot;:[]}">
						<div class="elementor-container elementor-column-gap-default">
					<div class="elementor-column elementor-col-100 elementor-top-column elementor-element elementor-element-339ffe1" data-id="339ffe1" data-element_type="column">
			<div class="elementor-widget-wrap elementor-element-populated">
						<div class="elementor-element elementor-element-2cbbe25 elementor-widget elementor-widget-spps_button_list" data-id="2cbbe25" data-element_type="widget" data-widget_type="spps_button_list.default">
				<div class="elementor-widget-container">
					<div class="button-list-wrapper   "><div class="button-list-title"><h2>Contacter les groupes de travail</h2></div><div class="button-list-container"></div></div>				</div>
				</div>
				<div class="elementor-element elementor-element-9befe56 elementor-widget elementor-widget-wpforms" data-id="9befe56" data-element_type="widget" data-widget_type="wpforms.default">
				<div class="elementor-widget-container">
					<div class="wpforms-container wpforms-container-full" id="wpforms-91205"><form id="wpforms-form-91205" class="wpforms-validate wpforms-form wpforms-ajax-form" data-formid="91205" method="post" enctype="multipart/form-data" action="/fr/wp-json/wp/v2/pages/30436" data-token="e90f6c1863c66af8b311ce3604db595e" data-token-time="1777453640"><noscript class="wpforms-error-noscript">Veuillez activer JavaScript dans votre navigateur pour remplir ce formulaire.</noscript><div class="wpforms-field-container"><div id="wpforms-91205-field_1-container" class="wpforms-field wpforms-field-name" data-field-id="1"><label class="wpforms-field-label">Name <span class="wpforms-required-label">*</span></label><div class="wpforms-field-row wpforms-field-medium"><div class="wpforms-field-row-block wpforms-first wpforms-one-half"><input type="text" id="wpforms-91205-field_1" class="wpforms-field-name-first wpforms-field-required" name="wpforms[fields][1][first]" required><label for="wpforms-91205-field_1" class="wpforms-field-sublabel after">Prénom</label></div><div class="wpforms-field-row-block wpforms-one-half"><input type="text" id="wpforms-91205-field_1-last" class="wpforms-field-name-last wpforms-field-required" name="wpforms[fields][1][last]" required><label for="wpforms-91205-field_1-last" class="wpforms-field-sublabel after">Nom</label></div></div></div><div id="wpforms-91205-field_2-container" class="wpforms-field wpforms-field-email" data-field-id="2"><label class="wpforms-field-label" for="wpforms-91205-field_2">E-Mail-Adresse <span class="wpforms-required-label">*</span></label><input type="email" id="wpforms-91205-field_2" class="wpforms-field-medium wpforms-field-required" name="wpforms[fields][2]" spellcheck="false" required></div>		<div id="wpforms-91205-field_4-container"
			class="wpforms-field wpforms-field-text"
			data-field-type="text"
			data-field-id="4"
			>
			<label class="wpforms-field-label" for="wpforms-91205-field_4" >E-Mail-Adresse Nachricht Name</label>
			<input type="text" id="wpforms-91205-field_4" class="wpforms-field-medium" name="wpforms[fields][4]" >
		</div>
		<div id="wpforms-91205-field_3-container" class="wpforms-field wpforms-field-textarea" data-field-id="3"><label class="wpforms-field-label" for="wpforms-91205-field_3">Kommentar oder Nachricht</label><textarea id="wpforms-91205-field_3" class="wpforms-field-medium" name="wpforms[fields][3]" ></textarea></div><script>
				( function() {
					const style = document.createElement( 'style' );
					style.appendChild( document.createTextNode( '#wpforms-91205-field_4-container { position: absolute !important; overflow: hidden !important; display: inline !important; height: 1px !important; width: 1px !important; z-index: -1000 !important; padding: 0 !important; } #wpforms-91205-field_4-container input { visibility: hidden; } #wpforms-conversational-form-page #wpforms-91205-field_4-container label { counter-increment: none; }' ) );
					document.head.appendChild( style );
					document.currentScript?.remove();
				} )();
			</script></div><!-- .wpforms-field-container --><div class="wpforms-submit-container" ><input type="hidden" name="wpforms[id]" value="91205"><input type="hidden" name="page_title" value=""><input type="hidden" name="page_url" value="https://sp-ps-biel-bienne.ch/fr/wp-json/wp/v2/pages/30436"><input type="hidden" name="url_referer" value=""><button type="submit" name="wpforms[submit]" id="wpforms-submit-91205" class="wpforms-submit" data-alt-text="Absenden/envoyer ... " data-submit-text="Absenden/envoyer " aria-live="assertive" value="wpforms-submit">Absenden/envoyer </button><img decoding="async" src="https://sp-ps-biel-bienne.ch/wp-content/plugins/wpforms/assets/images/submit-spin.svg" class="wpforms-submit-spinner" style="display: none;" width="26" height="26" alt="Chargement en cours"></div></form></div>  <!-- .wpforms-container -->				</div>
				</div>
					</div>
		</div>
					</div>
		</section>
				</div>

<p>Les groupes de travail du PS Bienne traitent de différents thèmes. Ils élaborent des rapports et des prises de position à l&#8217;attention du parti et contribuent ainsi activement à la [&hellip;]</p>
